o(p) = -2*p**2 - 94 + 200 + 5*p - 109. What is o(3)?
-6
Let u(b) = b**3 - 11*b**2 - 31*b + 8. Let x(q) = -q**2 + 1. Let w(o) = -u(o) - 2*x(o). Let h be w(15). Let z(j) = j - 5. What is z(h)?
0
Let j be (-1 + 2)/((-3)/(-6)). Suppose -4*t + 2 = 3*c, -5*c + 8 = -2*t - j*c. Let o(s) = -5*s**2 + 1. Give o(t).
-4
Suppose 0 = 7*k + 68 - 26. Let z(o) = 2*o**2 + 12*o - 6. Calculate z(k).
-6
Let z(r) = 21*r - 1. Let c(y) = -43*y + 2. Let i(w) = 2*c(w) + 5*z(w). What is i(-1)?
-20
Let g(j) = -273*j + 544*j + 5 - 263*j + j**2. Calculate g(-6).
-7
Suppose -2 - 1 = 4*o - 5*m, 0 = 5*o - m + 30. Let v(r) be the second derivative of -r**5/20 - 7*r**4/12 + r**3/6 + 5*r**2/2 - 3*r. Give v(o).
-2
Let w = 1397 + -1398. Let v(b) = 46*b - 1. Calculate v(w).
-47
Let r(v) = 5*v**3 - 6*v**2 + 6*v - 1. Let z be r(1). Let d(u) = -u**2 + 8*u - 9. Give d(z).
7
Let y(d) = 4*d**3. Let x be 4/((-4)/45) + 3. Let z be (-56)/x + (-1)/3. Calculate y(z).
4
Let n(b) = 7*b**2 - b - 1. Let l = 151 - 152. Determine n(l).
7
Let i(g) = -g**3 + 39*g**2 - 9 - 82*g**2 + 52*g**2. What is i(9)?
-9
Let t(d) = -d**3 - d**2 + d. Let u(g) = 2*g**3 - 4*g**2 + 2*g + 2. Let r(f) = -t(f) - u(f). Give r(5).
-17
Let k = -25 + 22. Let u(o) = -12*o + 4*o + 2*o + 7*o + 2. Calculate u(k).
-1
Let x(z) = -z**2 + 8*z - 3. Let o be x(6). Let p(i) = -5*i**2 - 13*i + 11. Let a(v) = -3*v**2 - 12*v + 9. Let c(n) = 3*a(n) - 2*p(n). Calculate c(o).
-4
Let r(w) = 1 - 8*w**2 + w + 6*w + 7*w**2 + 4*w. What is r(8)?
25
Suppose z = 3*i - 2, 2 = 5*i - 10*i + 3*z. Let p(a) be the first derivative of i*a**3 + 4*a + 7/2*a**2 + 6 - 1/4*a**4. What is p(7)?
4
Let j(q) = 300*q + 0*q**3 - q**3 - 16*q**2 - 300*q + 2*q**3 + 2. What is j(16)?
2
Let n(w) = -w**2 - 7*w + 23. Let h(i) = -i**2 - 6*i + 22. Let g(x) = 3*h(x) - 4*n(x). Determine g(-12).
-2
Let w(a) = 7 + 17*a - 15*a - a. What is w(0)?
7
Suppose 113 - 108 = 5*n. Let k(f) be the second derivative of 0*f**2 + 5/6*f**3 - f + 0. What is k(n)?
5
Let p(k) = k**3 - 5*k**2 - 6*k + 8. Suppose -5 = -2*m + 17. Suppose m*y - 13*y = -46. Let x = y + -17. Determine p(x).
8
Let a be (-4)/(-1)*10/(-20). Let r(v) = -v**2 + 1. Determine r(a).
-3
Let t = 11 - 10. Let v(c) = -9*c**3 - 3*c + c**2 - 5 + 5*c - c. Let b(h) = -17*h**3 + 2*h**2 + 2*h - 9. Let k(j) = 4*b(j) - 7*v(j). Calculate k(t).
-4
Let a(y) = -7*y + 106*y**2 - 210*y**2 - 2 + 107*y**2. Give a(5).
38
Suppose 2*k - k + 44 = -4*r, 4*k = 3*r + 14. Let b be 7/(-35) - 72/r. Let l(n) = 3 - b + 2 + n + 4. Determine l(-4).
-2
Suppose 237*z - 2 = 235*z. Let l(u) = -u**2 - u. Determine l(z).
-2
Let h(g) = g**2 + g + 35. Let s be h(0). Let d(q) = -19 - 21 + q**3 + s + 6*q**2. Determine d(-6).
-5
Let j = 214 - 214. Let u(y) be the first derivative of -3 + 0*y**3 + 1/4*y**4 + 2*y + j*y**2. Give u(-2).
-6
Let w(x) = -x**3 + 5*x**2 + 8*x + 9. Let m be 3 - 36/((-36)/4). Determine w(m).
-33
Let c(q) = -8*q + 31 - 3*q**2 - 10 + 4*q**2. Let l be c(5). Suppose l = -z + 2*z. Let i(j) = -j + 9. Give i(z).
3
Let t = 32 - 36. Let o be t*(-2)/(-4) + 2. Let a(d) = -d**2 + 3. Calculate a(o).
3
Let a be (2 + -5)*1 + 3/3. Let y = -3 + 4. Let g(j) = 1 - 2*j + 3*j + y. Determine g(a).
0
Let u be -3*(4/(-36))/(4/84). Let t(n) = 34*n**3 - 7 - 35*n**3 + 3 - 4 - u*n**2 - 2*n. Let k(v) = -v**2 - 3*v + 3. Let l be k(-5). Determine t(l).
6
Let j(u) = u**3 + 3*u**2 - 4*u - 5. Suppose -22 + 10 = -c. Suppose -2*h - 2*h = -2*w - 4, -2*w - c = 4*h. Determine j(w).
-5
Let l(m) = 8*m + 0*m**3 + 7*m + 0*m**2 - 27*m + 4*m**2 - 4 + m**3. Determine l(-6).
-4
Let h be (4/6)/(2/(-24) + 0). Let c(t) = -t + 3. Determine c(h).
11
Let d(w) = 30*w + 1. Let c = 512 + -513. What is d(c)?
-29
Let i(w) = 11*w - 5. Let m(s) = 2*s - 1. Let y(r) = i(r) - 6*m(r). Suppose 0 = 2*u - 2*l - 0 + 2, 5*u + l - 13 = 0. Determine y(u).
-1
Suppose 7*x = 5*x + 96. Let r(o) = -2*o + 1 + x*o**2 - o**3 - 43*o**2 + o. Determine r(2).
11
Let c(w) = -w**2 + 6*w + 13. Let l be 1 - (7 - 4) - -10. Let j be c(l). Let s(q) = 2*q + 4. Determine s(j).
-2
Let o(a) be the second derivative of a**6/240 - 3*a**5/40 + a**4/2 + 4*a. Let k(r) be the third derivative of o(r). Calculate k(7).
12
Suppose -2*j + 6 = w - 8, 0 = 3*w + 5*j - 38. Let m(a) = -a + 6. Determine m(w).
0
Let t(w) be the second derivative of -1/360*w**6 + 0 + 4*w - 1/30*w**5 + 0*w**3 + 0*w**2 - 5/12*w**4. Let s(d) be the third derivative of t(d). What is s(-4)?
4
Let f(p) = -p - 1. Let y(l) = -l**2 + 7*l - 1. Let q be y(7). Let z = q - 3. Let s = z - -10. Determine f(s).
-7
Let n(m) = 3*m + 79*m**2 - 78*m**2 + 1 + 3*m - m - 7*m. Give n(1).
0
Let x(z) = -15 - 11 + 32523*z**2 - 32522*z**2. Give x(0).
-26
Let o(m) = -m**2 + 6*m - 1. Let t(q) = q**3 + 5*q**2 + 2*q + 15. Let n be t(-5). Give o(n).
4
Let n(j) = 209*j**2 - 66*j - 33. Let t(l) = 13*l**2 - 4*l - 2. Let h(z) = -2*n(z) + 33*t(z). Give h(-1).
11
Let m(w) = w**2 - 3*w. Let o be m(4). Let p be o/16*6*2. Suppose 8*f - p*f = 25. Let h(r) = r**3 - 4*r**2 - 4*r - 1. What is h(f)?
4
Let y(x) = 90*x - 43*x + 14 - 50*x + 5. Determine y(8).
-5
Let x(s) be the second derivative of s**4/12 + s**3/6 - s**2 + s. Suppose t - 3*q = 2, 3*t + 5*q - 6 = q. Suppose -t*g = 3*g + 3*g. Calculate x(g).
-2
Let t(f) = 61 + 2*f**2 - 58 - 45*f + 16*f. Determine t(14).
-11
Let j = 264 + -264. Let l(m) be the third derivative of 1/120*m**6 - 3*m**2 + j*m**4 + 0*m**5 + 0 - 1/6*m**3 + 0*m. Determine l(1).
0
Let k(v) = -v**2 - 4*v + 4. Let m = 27 + -19. Let n be (-2)/m + (-15)/4. Calculate k(n).
4
Let p(l) = -l**3 + l - 1. Suppose 4*j - 7*j = 0. Suppose -2*b + 3*g - 51 = j, 43 = -3*b + 4*g - 32. Let d = -21 - b. What is p(d)?
-1
Let h(u) = -u + 2. Let p(x) = x**2 - 5*x + 5. Let q be p(4). Suppose 0 = -4*z + 3 + q. Let m be (-3*2/z)/2. Give h(m).
5
Let k(h) = -h**3 + 2*h**2 + 0*h**2 + h - 2*h. Let l be (-42)/(-18) - 3/9. Calculate k(l).
-2
Let b = -391 + 400. Let n(a) = -a**3 + 9*a**2 - 2*a + 6. Determine n(b).
-12
Let p(a) = a**3 - 3*a**2 - 4*a - 4. Let j = -73 - -75. Suppose 41 = 4*u + 5*m, -2*u - j*m = -8 - 10. Give p(u).
-4
Let z(w) = -w - 6. Let f be z(0). Let o(k) = -k + 5. Let q(v) = 4*v - 14. Let d(h) = 7*o(h) + 2*q(h). What is d(f)?
1
Let q(d) = 4*d + 7. Suppose 4*l + 12*l = 0. What is q(l)?
7
Let w(l) = -l**3 - 5*l**2 + 12*l + 33. Let s be w(-6). Let j(d) = -4*d - 6. Calculate j(s).
6
Let g be 2/9 + 60/(-27). Suppose -32*m + 6 = -30*m. Let y(r) = m*r - r - 40*r**2 + 41*r**2 + 2. Give y(g).
2
Let t(n) = 2*n - 3. Let x be t(6). Suppose -5*g + x = 29. Let o(d) = -d**2 - 3*d - 6. Determine o(g).
-10
Let z(l) = 3*l**2 + 1 - 2*l**2 - 2*l**2 - 5*l + 0*l**2 + 0. Give z(-6).
-5
Let d = -24 + 28. Suppose 3*g - d*g + 5*n = -15, 4*g = 5*n + 30. Suppose -10 = g*t - 5*i, -t = i + 7 + 5. Let a(u) = u**2 + 7*u - 5. Give a(t).
-5
Let z(w) = -29*w**2 + 8*w - 1. Let y be z(2). Let k = 110 + y. Let x(q) = -q**2 + 11*q - 3. Calculate x(k).
15
Let r = -15 + 17. Let t(q) be the first derivative of 4*q**2 + r - 2 + 5 - q. Calculate t(-1).
-9
Let n = 128 + -212. Let b = n - -84. Let f(s) = s**3 + s**2 + 19. Determine f(b).
19
Suppose -4*s = 5*f - 68, 3*f + 2*s - 26 = f. Let h(b) = -280*b**2 + 280*b**2 + b**3 + f. Calculate h(0).
16
Suppose -3*w = 2*w + 10, -3*w = -j + 18. Suppose 5*k = -3*p - j - 7, -4*k = p + 18. Let d(r) = 6*r**2 - 2 - 8*r + 5 - 1 - 5*r**p. Determine d(7).
-5
Let b(r) be the third derivative of -5*r**4/24 - 5*r**3/6 - 293*r**2. Determine b(-3).
10
Let u(b) = -2*b**2 + 11*b + 9. Let q(r) = -157*r - 1093. Let i be q(-7). Give u(i).
3
Let g = -39 + 45. Let m be (g/3 - 1)*-1. Let t(q) = -13*q**3 - q**2 - q. Calculate t(m).
13
Let w(u) = -7*u**2 - u + 1. Let x(n) = -1 - 20*n - n**2 + 26*n + 9. Let p be x(7). Calculate w(p).
-7
Suppose -2*f - 4 = 2*x, 5*x = 37*f - 40*f. Let d(c) = -c**3 + c**2 + 4*c. What is d(x)?
-6
Let w(y) be the first derivative of -y**7/168 - y**6/360 - y**5/60 - y**4/24 - y**3 + 24. Let n(u) be the third derivative of w(u). Calculate n(-1).
5
Let l(c) = -347*c + 674*c - 4 + 2*c**3 + 2*c**2 - 329*c. Determine l(-2).
-8
Let t be ((-77)/(-21) + -3)/(2/9). Let f(g) = 5*g**2 + 70 - 3*g - g**t - 36 - 31. Suppose 0*i - 2*w - 14 = -5*i, 0 = 3*w + 6. Calculate f(i).
9
Let s be (-1)/(-2)*-12 - 1. Let c(h) = -h**2 - 6*h + 2 - 4 - 3. Give c(s).
-12
Let c(r) = -r**3 + 5*r**2 + 8*r - 7. Let x be c(6). Let b(m) = -2*m + x